1046?
b38a3
In base 16, what is -1a - 289603?
-28961d
In base 7, what is -3250500102 + 4?
-3250500065
In base 3, what is 101000012012 - 102?
101000011210
In base 14, what is 4b + b254a?
b2597
In base 9, what is -43444201 + 5?
-43444185
In base 6, what is -111353315 + -24?
-111353343
In base 7, what is 15635 + -1562015?
-1543050
In base 10, what is 1089394 - 89?
1089305
In base 9, what is -3046 - -1671?
-1265
In base 15, what is -9d6 + -271?
-c57
In base 16, what is -6b6a + d58?
-5e12
In base 10, what is -19036 + -4907?
-23943
In base 4, what is -102112133133303 + 2?
-102112133133301
In base 10, what is -167814 - 15?
-167829
In base 3, what is 0 + -11022210010010?
-11022210010010
In base 11, what is 6927886 - -3?
6927889
In base 8, what is 440621704 + 2?
440621706
In base 4, what is -330210313310 + -212?
-330210320122
In base 9, what is 5638283 + 0?
5638283
In base 9, what is 127451 - -7110?
135561
In base 2, what is -11001 - 11000011010010110000?
-11000011010011001001
In base 15, what is -1203e391 - -1?
-1203e390
In base 3, what is -212012201212221002 - -2?
-212012201212221000
In base 5, what is -43102 - 31311?
-124413
In base 15, what is -a620835 - 0?
-a620835
In base 2, what is 100100011001111101011111101 - -1?
100100011001111101011111110
In base 6, what is 404 + -23555453?
-23555045
In base 16, what is -467 + -62b9?
-6720
In base 11, what is -1952288 + -5?
-1952292
In base 15, what is b30067 - 5?
b30062
In base 5, what is -112002 - 2101031?
-2213033
In base 5, what is -12 + -3114414320?
-3114414332
In base 4, what is -220 + -12313?
-13133
In base 5, what is -1 + 144321444321?
144321444320
In base 8, what is -524141 + 311?
-523630
In base 6, what is 401132340 + -32?
401132304
In base 4, what is -11113022311 + -301?
-11113023212
In base 3, what is 1002001 + -100021202221?
-100020200220
In base 5, what is 233 + 21122330?
21123113
In base 3, what is 100 + 1211112020222?
1211112021022
In base 6, what is 2 + 114303333?
114303335
In base 14, what is -2b5 + d614b?
d5c76
In base 14, what is -d9 - -31310?
31215
In base 12, what is -3a6b5 + -303?
-3a9b8
In base 7, what is -12 + 4312?
4300
In base 6, what is 13543055204 + 0?
13543055204
In base 8, what is -35175 - -114?
-35061
In base 12, what is -26a198 + a5?
-26a0b3
In base 6, what is 35243125 - -11?
35243140
In base 16, what is 4 - -92b33?
92b37
In base 14, what is -819aaa - -5?
-819aa5
In base 2, what is 11010110111001011 - -10111?
11010110111100010
In base 7, what is -6132 + -13242?
-22404
In base 2, what is -11101010000110010110 + 1001?
-11101010000110001101
In base 12, what is 224670 - -11?
224681
In base 14, what is 7c - 15223a?
-15219c
In base 5, what is -22412104304 - 33?
-22412104342
In base 9, what is -15 - -1235411?
1235385
In base 4, what is -11 + 232201010?
232200333
In base 5, what is 1022 + -43430212?
-43424140
In base 5, what is -12314 + 311141?
243322
In base 12, what is -28b - -35ba21?
35b752
In base 8, what is -1524606322 + -2?
-1524606324
In base 15, what is -4c7 + -1b87?
-215e
In base 13, what is -57325ab + -4?
-57325b2
In base 6, what is 15114503 - -1354?
15120301
In base 7, what is -1323611364 + -11?
-1323611405
In base 3, what is -101020101 - 12202?
-101110010
In base 12, what is 123410 - 868?
122764
In base 2, what is -1001001101 + -1011111011110101?
-1100000101000010
In base 10, what is 48197447 - 5?
48197442
In base 9, what is 1304 - -180350?
181654
In base 11, what is -11a9a - 175?
-12164
In base 13, what is 4 + -6b637?
-6b633
In base 8, what is 34140 + -743?
33175
In base 13, what is 765 + 97177?
9790c
In base 5, what is -112 - -4211003144?
4211003032
In base 11, what is 1050600 + -8?
10505a3
In base 3, what is 21202202 - -202102?
22112011
In base 14, what is -3c674 - -18d?
-3c4c5
In base 3, what is -11021 - -11022000121112?
11022000110021
In base 7, what is -6542642514 + 5?
-6542642506
In base 16, what is 324ba5 + -3?
324ba2
In base 11, what is 803908 - -6?
803913
In base 12, what is -2150 - -722b9?
70169
In base 8, what is 5 - -12414604?
12414611
In base 10, what is -6738 - -409?
-6329
In base 14, what is -14d87 + 358?
-14a2d
In base 10, what is -1109 + 3634?
2525
In base 3, what is 2 + 1021002001001?
1021002001010
In base 2, what is 10 - 100111101010000101011110?
-100111101010000101011100
In base 16, what is -60 + -924e?
-92ae
In base 5, what is 23 - 2300334410?
-2300334332
In base 14, what is 0 - a69b270?
-a69b270
In base 9, what is -2152 - 4075?
-6237
In base 5, what is -3231312 - -14420?
-3211342
In base 3, what is 20112122012202 + 220?
20112122020122
In base 12, what is b3 + 17b0349?
17b0440
In base 13, what is -38 - -44651?
44616
In base 7, what is -240160300 + 4?
-240160263
In base 12, what is -18603b9 + 0?
-18603b9
In base 12, what is 31103 + 514?
31617
In base 3, what is 201012122121 - -1100?
201012200221
In base 7, what is 40 + 452065?
452135
In base 2, what is -11100111001111 + 10100101?
-11100100101010
In base 10, what is 44419 + -455?
43964
In base 9, what is 48 - 355?
-306
In base 14, what is 34b25 - 1348?
337bb
In base 5, what is -102 + -231001114?
-231001221
In base 13, what is -74 - -8202?
815b
In base 13, what is a405 - 74?
a361
In base 11, what is -149011 - -697?
-148425
In base 8, what is -1714305 - -271?
-1714014
In base 13, what is 1065 + ba6?
1c3b
In base 16, what is d61d - -265?
d882
In base 9, what is 604 - -3204?
3808
In base 10, what is -2848 - 39?
-2887
In base 5, what is -404 - 1110122021?
-1110122430
In base 13, what is 253151a - 3?
2531517
In base 8, what is -102426130 - 0?
-102426130
In base 16, what is 2bb + -635f?
-60a4
In base 8, what is -105 + 237206?
237101
In base 2, what is 10 - 10101110101111011101000?
-10101110101111011100110
In base 7, what is -5605363 - 202?
-5605565
In base 3, what is -10111210222 - 1111?
-10111212110
In base 5, what is 2221212323 + -30?
2221212243
In base 7, what is -2003421 + 33?
-2003355
In base 4, what is 1330 - 100230031?
-100222101
In base 4, what is -223333 - -103002?
-120331
In base 9, what is -3 - 25580245?
-25580248
In base 6, what is 12433305155 - -5?
12433305204
In base 16, what is -1f06cd + 5?
-1f06c8
In base 15, what is 7a1b979 - -5?
7a1b97e
In base 8, what is -135 - 360024?
-360161
In base 10, what is 36445924 - -16?
36445940
In base 4, what is -223122122110 - 0?
-223122122110
In base 6, what is -133 + -1433245524?
-1433250101
In base 10, what is 140 + -43243?
-43103
In base 3, what is 212222201220001 - 11?
212222201212220
In base 13, what is 6c281 + -83?
6c1cb
In base 3, what is -101100 - -200011011221?
200010210121
In base 4, what is -12300312 + -12203001?
-31103313
In base 14, what is 23c - 4248?
-400a
In base 6, what is 45314020 + -214?
45313402
In base 13, what is 290c + 2381?
4c90
In base 7, what is -30336 - 2630?
-33266
In base 13, what is 86aa6 + 21?
86ac7
In base 3, what is 202 + -11201120110221?
-11201120110012
In base 12, what is 302754 - -27?
30277b
In base 4, what is -1013103021 + -11?
-1013103032
In base 6, what is 2023 + -201045?
-155022
In base 8, what is 53264027 - -43?
53264072
In base 7, what is -3 - 22441021?
-22441024
In base 7, what is 6 + 221164510?
221164516
In base 11, what is -80 - 119918a?
-119925a
In base 2, what is -11010000011110101111110110 + -11?
-11010000011110101111111001
In base 6, what is 25 - -13531?
14000
In base 6, what is 1140025 + 332?
1140401
In base 3, what is -1111011201210212 + 2?
-1111011201210210
In base 4, what is 3 - 11232312111?
-11232312102
In base 16, what is 5 - -9b7abc?
9b7ac1
In base 4, what is -12122013300212 + 11?
-12122013300201
In base 3, what is 101001202 + 1220222?
102222201
In base 13, what is 3 + 7bb2801?
7bb2804
In base 8, what is 23 - 2746467?
-2746444
In base 6, what is -1 - -43425342?
43425341
In base 6, what is -3440251 + -252?
-3440543
In base 8, what is 67710 - 4725?
62763
In base 8, what is 34 - 2632227?
-2632173
In base 3, what is 1012112222222 + -11?
1012112222211
In base 4, what is -120012203 - -2232?
-120003311
In base 4, what is 21010200 + 31?
21010231
In base 2, what is 11011110 + 1001101000001011001?
1001101000100110111
In base 4, what is -3220102001 + 1322?
-3220100013
In base 13, what is -1 + 6607148?
6607147
In base 3, what is 11120202000012 - -201?
11120202000220
In base 9, what is -1080566 - -83?
-1080473
In 